{"id":8,"date":"2013-09-13T17:50:39","date_gmt":"2013-09-13T17:50:39","guid":{"rendered":"http:\/\/www.daralhikma.it\/darnew\/?page_id=8"},"modified":"2022-02-23T14:15:01","modified_gmt":"2022-02-23T13:15:01","slug":"centro","status":"publish","type":"page","link":"https:\/\/www.daralhikma.it\/","title":{"rendered":"CENTRO"},"content":{"rendered":"<p dir=\"ltr\"><a href=\"http:\/\/www.daralhikma.it\/darnew\/wp-content\/uploads\/2013\/10\/logo4.png\"><img decoding=\"async\" loading=\"lazy\" class=\"alignnone size-full wp-image-82 aligncenter\" src=\"http:\/\/www.daralhikma.it\/darnew\/wp-content\/uploads\/2013\/10\/logo4.png\" alt=\"logo\" width=\"181\" height=\"116\"><\/a><\/p>\n<p style=\"text-align: center;\"><strong>&nbsp;<\/strong><strong>CENTRO CULTURALE ITALO-ARABO<\/strong><\/p>\n<p style=\"text-align: center;\"><strong>DAR AL HIKMA ovvero CASA DELLA SAPIENZA&nbsp;<\/strong><\/p>\n<p style=\"text-align: center;\"><strong>Via Fiochetto 15<\/strong><\/p>\n<p style=\"text-align: center;\"><strong>Torino&nbsp;<\/strong><\/p>\n<h3 style=\"text-align: center;\">Tel. 0115215111<\/h3>\n<p style=\"text-align: center;\">**************<\/p>\n<p style=\"text-align: center;\"><iframe loading=\"lazy\" src=\"https:\/\/www.youtube.com\/embed\/a65MlVmE9po\" width=\"560\" height=\"315\" frameborder=\"0\" allowfullscreen=\"allowfullscreen\"><\/iframe><\/p>\n<p style=\"text-align: center;\">================================<\/p>\n<h2 style=\"text-align: center;\"><strong>CENTRO CULTURALE ITALO-ARABO<\/strong><\/h2>\n<h2 style=\"text-align: center;\"><strong>DAR AL HIKMA &#8211; Torino &nbsp;&#8211; Italy<\/strong><\/h2>\n<h2 style=\"text-align: center;\">Sostenuto dalla&nbsp;<img decoding=\"async\" loading=\"lazy\" class=\"wp-image-1676 aligncenter\" src=\"https:\/\/www.daralhikma.it\/darnew\/wp-content\/uploads\/2022\/02\/alternate-social.png\" alt=\"\" width=\"216\" height=\"162\" srcset=\"https:\/\/www.daralhikma.it\/darnew\/wp-content\/uploads\/2022\/02\/alternate-social.png 1200w, https:\/\/www.daralhikma.it\/darnew\/wp-content\/uploads\/2022\/02\/alternate-social-300x225.png 300w, https:\/\/www.daralhikma.it\/darnew\/wp-content\/uploads\/2022\/02\/alternate-social-1024x768.png 1024w, https:\/\/www.daralhikma.it\/darnew\/wp-content\/uploads\/2022\/02\/alternate-social-768x576.png 768w, https:\/\/www.daralhikma.it\/darnew\/wp-content\/uploads\/2022\/02\/alternate-social-1140x855.png 1140w, https:\/\/www.daralhikma.it\/darnew\/wp-content\/uploads\/2022\/02\/alternate-social-262x197.png 262w\" sizes=\"(max-width: 216px) 100vw, 216px\" \/><\/h2>\n<p>Come afferma Sherazade nelle Mille e una notte, una citt\u00e0, per essere una vera citt\u00e0, deve avere un grande Hammam, cio\u00e8 un grande Bagno pubblico, ricalcato sul modello delle Thermae romane, luogo di incontro, di relax e di svago, di uso sociale del tempo libero.<\/p>\n<p>Hammam Al Bab di Torino, \u00e8 costruito secondo lo schema tradizionale orientale: tre sale (frigidarium, tepidarium e calidarium) per un bagno completo e un relax perfetto degno di una citt\u00e0 come Torino.<\/p>\n<p>Il Centro Culturale Dar al Hikma, che in arabo significa Casa della Sapienza, vuole corrispondere in modo vario e complesso alla crescente domanda di servizi culturali e sociali a Torino da parte dei numerosi associati e dalla comunit\u00e0 immigrata di cultura araba e mediorientale in senso pi\u00f9 generale.<\/p>\n<p><span style=\"line-height: 1.5em;\">Presso il Centro si trover\u00e0 cos\u00ec un Hammam totalmente ristrutturato, luogo di benessere ma anche di incontro sociale, un ristorante che propone pranzi veloci a mezzogiorno e pi\u00f9 sofisticati la sera con uno chef specializzato in cucina italiana e araba, una piccola caffetteria, realizzata sul modello dei caff\u00e8 orientali \u2013 gli arredi provengono infatti dal Marocco e non sono servite bevande alcoliche-, una biblioteca, l\u2019emeroteca e una sala di lettura oltre che un\u2019aula per lezioni e piccoli incontri specialistici..<\/span><\/p>\n<p>Il centro si inserisce cos\u00ec nella realt\u00e0 culturale di Torino e provincia, del Piemonte e dell\u2019Italia con una pluralit\u00e0 di attivit\u00e0 e proposte che possano rappresentare un ponte tra realt\u00e0 solo in apparenza diverse. Lavorare per una vera integrazione dello straniero nella cultura e nella societ\u00e0 italiana e diffondere la cultura araba significa creare strumenti adatti per la comprensione corretta della cultura di provenienza dell\u2019immigrato e occasioni di incontro e confronto costruttivo.<\/p>\n<p>A tal fine \u00e8 stato necessario creare un ambiente idoneo per spazi e attrezzatura che fosse esteticamente accogliente e funzionale.<\/p>\n<p>L\u2019investimento necessario per il riattamento dei locali e il rinnovo degli arredi e delle attrezzature \u00e8 stato ottenuto grazie al contributo della Fondazione Reporter per il mondo.<\/p>\n<p>Il Centro Dar Al Hikma \u00e8 un\u2019Associazione senza fine di lucro apolitica e areligiosa nata nel 1986 ed \u00e8 costituita da un Direttivo, eletto annualmente dall\u2019Assemblea dei soci. L\u2019Associazione opera nella sua sede in via Fiochetto, 15 a Torino, dal 1999 grazie ad un comodato ventennale del Comune di Torino.<\/p>\n<p>Le attivit\u00e0 culturali e alcuni servizi sociali sono gestiti dall&#8217;Associazione Centro culturale Dar al Hikma mentre quelli di carattere gestionale, di lavoro e di produzione sono affidati alla societ\u00e0 cooperativa Alhikma.<\/p>\n","protected":false},"excerpt":{"rendered":"<p>&nbsp;CENTRO CULTURALE ITALO-ARABO DAR AL HIKMA ovvero CASA DELLA SAPIENZA&nbsp; Via Fiochetto 15 Torino&nbsp; Tel. 0115215111 ************** ================================ CENTRO CULTURALE ITALO-ARABO DAR AL HIKMA &#8211; Torino &nbsp;&#8211; Italy Sostenuto dalla&nbsp; [&hellip;]<\/p>\n","protected":false},"author":3,"featured_media":0,"parent":0,"menu_order":0,"comment_status":"open","ping_status":"open","template":"template-trcGalleryPage.php","meta":{"_exactmetrics_skip_tracking":false,"_exactmetrics_sitenote_active":false,"_exactmetrics_sitenote_note":"","_exactmetrics_sitenote_category":0,"_monsterinsights_skip_tracking":false,"_monsterinsights_sitenote_active":false,"_monsterinsights_sitenote_note":"","_monsterinsights_sitenote_category":0,"ngg_post_thumbnail":0,"_price":"","_stock":"","_tribe_ticket_header":"","_tribe_default_ticket_provider":"","_tribe_ticket_capacity":"0","_ticket_start_date":"","_ticket_end_date":"","_tribe_ticket_show_description":"","_tribe_ticket_show_not_going":false,"_tribe_ticket_use_global_stock":"","_tribe_ticket_global_stock_level":"","_global_stock_mode":"","_global_stock_cap":"","_tribe_rsvp_for_event":"","_tribe_ticket_going_count":"","_tribe_ticket_not_going_count":"","_tribe_tickets_list":"[]","_tribe_ticket_has_attendee_info_fields":false,"footnotes":""},"aioseo_notices":[],"ticketed":false,"_links":{"self":[{"href":"https:\/\/www.daralhikma.it\/index.php\/wp-json\/wp\/v2\/pages\/8"}],"collection":[{"href":"https:\/\/www.daralhikma.it\/index.php\/wp-json\/wp\/v2\/pages"}],"about":[{"href":"https:\/\/www.daralhikma.it\/index.php\/wp-json\/wp\/v2\/types\/page"}],"author":[{"embeddable":true,"href":"https:\/\/www.daralhikma.it\/index.php\/wp-json\/wp\/v2\/users\/3"}],"replies":[{"embeddable":true,"href":"https:\/\/www.daralhikma.it\/index.php\/wp-json\/wp\/v2\/comments?post=8"}],"version-history":[{"count":66,"href":"https:\/\/www.daralhikma.it\/index.php\/wp-json\/wp\/v2\/pages\/8\/revisions"}],"predecessor-version":[{"id":1678,"href":"https:\/\/www.daralhikma.it\/index.php\/wp-json\/wp\/v2\/pages\/8\/revisions\/1678"}],"wp:attachment":[{"href":"https:\/\/www.daralhikma.it\/index.php\/wp-json\/wp\/v2\/media?parent=8"}],"curies":[{"name":"wp","href":"https:\/\/api.w.org\/{rel}","templated":true}]}}